 u(a) = 2*a**2 + 25*a + 72. Determine u(-6).
-6
Let q(i) = 2*i**2 + 37*i + 159. Calculate q(-14).
33
Let y(v) = 7*v + 68. Calculate y(-9).
5
Let d(i) = -27*i**3 - 5*i**2 + 6. What is d(2)?
-230
Let f(h) = h**3 + 8*h**2 - 4*h + 109. What is f(-10)?
-51
Let a(d) = -d**3 + 19*d**2 - 15*d + 15. Give a(18).
69
Let q(b) = -133*b - 820. Determine q(-5).
-155
Let s(l) = -19*l - 549. Determine s(-30).
21
Let q(m) = -m**2 - 39*m + 130. Calculate q(-42).
4
Let v(n) = -n**2 + 58*n - 595. Determine v(44).
21
Let h(j) = -j**2 + 19*j - 163. Determine h(9).
-73
Let k(l) = 2*l**3 - 16*l**2 - 7*l - 100. Give k(9).
-1
Let u(v) = 1418*v - 39698. What is u(28)?
6
Let f(w) = 23*w**2 - 275*w - 301. Determine f(13).
11
Let o(l) = -l**3 + 14*l**2 + 34*l - 80. Give o(15).
205
Let u(r) = -3*r**3 + 13*r**2 - 62*r + 171. Calculate u(7).
-655
Let y(v) = -45*v + 258. Calculate y(7).
-57
Let l(m) = 3*m**3 - 7*m**2 - 28*m + 8. Give l(-4).
-184
Let t(a) = 2*a**2 - 52. Give t(-5).
-2
Let d(a) = a + 319. Determine d(0).
319
Let h(t) = 4*t**2 + t + 7. Give h(-7).
196
Let g(b) = b**2 + 12*b - 517. Determine g(-27).
-112
Let g(s) = -63*s - 706. What is g(-11)?
-13
Let h(w) = -21*w + 189. Calculate h(8).
21
Let g(s) = s**2 + 17*s - 50. What is g(-23)?
88
Let r(v) = 43*v**2 + 344*v. Determine r(-8).
0
Let r(j) = -j**3 - 8*j**2 - 19*j + 19. Give r(-10).
409
Let c(o) = 3*o**2 - 34*o - 116. Calculate c(14).
-4
Let r(a) = 2921*a - 75948. Give r(26).
-2
Let m(w) = -2*w**3 + 21*w**2 - 42*w - 63. Calculate m(6).
9
Let v(o) = -o**3 - 22*o**2 - 54*o. Give v(0).
0
Let o(f) = -f**2 + 25*f + 236. What is o(-10)?
-114
Let u(m) = 3*m**3 + 52*m**2 + 22*m + 86. Determine u(-17).
1
Let y(j) = 6*j**2 - 131*j - 18. Calculate y(19).
-341
Let p(n) = -n**3 - 33*n**2 - 62*n + 21. Calculate p(-31).
21
Let z(p) = -4*p**2 + 59*p - 63. Calculate z(14).
-21
Let k(b) = 3*b**2 + 30*b. Calculate k(-13).
117
Let o(m) = -65*m + 299. Calculate o(9).
-286
Let n(k) = -71*k**2 + 3*k - 2. Determine n(1).
-70
Let j(n) = -77*n**3 - 2*n**2 + 28*n - 27. What is j(1)?
-78
Let z(k) = -k**2 + 132*k - 4286. Determine z(58).
6
Let u(m) = -m**2 - 4*m + 135. Give u(17).
-222
Let m(t) = -2*t + 120. Determine m(57).
6
Let y(j) = -j**3 + 21*j**2 - 40*j + 13. What is y(14)?
825
Let w(g) = 18*g**2 - 1958*g - 440. Determine w(109).
-4
Let l(m) = -m**3 + 6*m**2 + 5*m + 19. What is l(8)?
-69
Let j(q) = -q**2 + q + 34. What is j(-8)?
-38
Let j(w) = 5*w**2 - 2*w - 31. Give j(6).
137
Let h(j) = -25*j**3 - 3*j**2 - j + 1. Calculate h(-1).
24
Let s(w) = -39*w + 231. Calculate s(7).
-42
Let v(o) = o**3 + 12*o**2 - 132*o + 18. Give v(-19).
-1
Let a(p) = 6*p - 32. Give a(8).
16
Let a(f) = 104*f - 12369. Give a(119).
7
Let f(l) = l**2 - 39*l + 165. Calculate f(5).
-5
Let m(q) = -137*q - 2. Give m(1).
-139
Let y(r) = -27*r**2 + 428*r - 84. What is y(15)?
261
Let q(k) = 4*k + 22. What is q(10)?
62
Let p(t) = -20*t + 867. Determine p(43).
7
Let b(r) = 18*r + 1108. What is b(-62)?
-8
Let y(h) = h**3 + 12*h**2 + 85*h + 437. Give y(-8).
13
Let z(w) = -2*w**3 + 27*w**2 + 509*w - 189. Determine z(24).
-69
Let s(q) = -q**2 + 50*q + 101. What is s(-2)?
-3
Let a(v) = v**3 - 7*v**2 - 373*v + 767. Give a(2).
1
Let q(a) = -3*a**2 + 210*a + 1949. Calculate q(78).
77
Let n(v) = -76*v - 651. Calculate n(-9).
33
Let h(t) = -11*t + 131. Determine h(7).
54
Let x(y) = 3*y**3 + 224*y**2 - 303*y - 148. Determine x(-76).
-224
Let l(m) = -m**3 - 8*m**2 - m - 24. Determine l(-6).
-90
Let t(i) = i**2 - 76*i + 905. Give t(15).
-10
Let k(t) = 112*t**2 - 22*t + 39. Determine k(2).
443
Let o(w) = -2*w**3 + 59*w**2 - 33*w + 16. What is o(29)?
-100
Let d(o) = -o**2 - 51*o - 635. What is d(-27)?
13
Let p(y) = -4*y**2 - 75*y - 63. Give p(-18).
-9
Let f(y) = -65*y**3 + 5*y + 4. Determine f(-1).
64
Let v(z) = -3868*z + 19346. What is v(5)?
6
Let a(v) = -31*v + 1293. Give a(42).
-9
Let k(w) = -1875*w - 1878. Determine k(-1).
-3
Let k(h) = 1302*h - 3986. Determine k(3).
-80
Let g(o) = o**3 - 8*o**2 - 29*o - 8. Determine g(-3).
-20
Let q(a) = -a**3 - 49*a**2 - 221*a. Determine q(-5).
5
Let f(i) = 2*i**3 + 17*i**2 - 99*i + 4. Calculate f(-12).
184
Let t(j) = -3*j**2 + 127*j - 501. What is t(38)?
-7
Let v(m) = m**3 + 15*m**2 + 18*m - 92. Calculate v(-13).
12
Let x(c) = -536*c - 6424. Give x(-12).
8
Let z(h) = h**3 - 12*h**2 + 43*h + 12. Give z(11).
364
Let f(i) = i**2 - 22*i - 3848. Give f(-52).
0
Let w(m) = 3*m**3 - m**2 - 16*m - 20. Determine w(0).
-20
Let z(b) = 36*b + 191. Determine z(-5).
11
Let x(c) = -c**3 - 578*c**2 - 3432*c. Calculate x(-6).
0
Let t(d) = 436*d - 24859. What is t(57)?
-7
Let i(g) = 6*g**2 - 7*g - 8. What is i(-2)?
30
Let z(a) = a**3 - 53*a**2 + 170*a - 2. Determine z(3).
58
Let p(a) = a**3 + 26*a**2 + 234*a + 733. Calculate p(-8).
13
Let j(z) = -z**3 + z**2 - 19*z + 129. Give j(0).
129
Let d(j) = 2*j**2 - 239*j + 592. Calculate d(117).
7
Let t(z) = 12*z + 94. Determine t(-8).
-2
Let k(l) = 145*l - 8852. What is k(61)?
-7
Let k(j) = -j**3 - 8*j**2 - 11*j - 8. Calculate k(-8).
80
Let k(i) = -2*i**3 - 55*i**2 + 294*i + 188. What is k(-32)?
-4
Let h(t) = -t**2 - 167*t - 1693. What is h(-10)?
-123
Let y(g) = -1458*g - 30582. Determine y(-21).
36
Let v(s) = -2*s**3 - 342*s**2 + 635*s + 108583. Calculate v(-171).
-2
Let i(d) = -d**3 - 11*d**2 + 7*d + 182. Calculate i(-10).
12
Let o(a) = -61*a + 3895. Give o(64).
-9
Let d(w) = 10*w**2 + 368*w - 859. Calculate d(-39).
-1
Let s(y) = -y**3 + 6*y**2 - 15*y + 52. What is s(5)?
2
Let a(n) = -n**2 + 24*n - 162. Give a(30).
-342
Let t(q) = 6*q**2 + 70*q - 408. Determine t(-16).
8
Let u(m) = -80*m + 36. Calculate u(4).
-284
Let r(y) = 99*y - 661. What is r(7)?
32
Let f(l) = -5*l + 11. Determine f(14).
-59
Let n(j) = -81*j + 2506. What is n(31)?
-5
Let s(u) = u**3 - 27*u**2 - 33*u + 769. Determine s(27).
-122
Let x(f) = f**3 + 87*f**2 + 767*f + 68. Give x(-77).
299
Let a(d) = -2*d**2 - 34*d - 132. What is a(-20)?
-252
Let g(o) = 335*o + 4017. Give g(-12).
-3
Let s(i) = -64*i + 5564. What is s(87)?
-4
Let a(u) = 2*u**3 - 5*u**2 + 101*u + 305. Determine a(-3).
-97
Let y(u) = -2*u**3 + 6*u**2 - 7*u + 9. Determine y(4).
-51
Let m(l) = 5*l**2 + 63*l - 19. Give m(-13).
7
Let d(r) = 44*r**3 - 5*r**2 - 10*r + 24. What is d(2)?
336
Let h(x) = -117*x - 8078. Give h(-69).
-5
Let b(k) = k**3 - 16*k**2 - 268*k + 4186. Give b(17).
-81
Let r(j) = 120*j**2 - 131*j + 5. Give r(2).
223
Let k(n) = 79*n**2 + 241*n + 12. What is k(-3)?
0
Let d(u) = u**3 - 11*u**2 - 28*u + 26. What is d(13)?
0
Let u(r) = 394*r - 57913. Give u(147).
5
Let n(x) = 4*x**2 + 92*x + 518. What is n(-13)?
-2
Let i(k) = -k**3 - 41*k**2 - 33*k + 287. Calculate i(-40).
7
Let g(n) = 4*n - 187. Calculate g(45).
-7
Let o(h) = 3554*h + 35551. Determine o(-10).
11
Let k(i) = 9*i + 209. Give k(-21).
20
Let h(w) = -w**3 - 7*w**2 + 2*w + 35. Calculate h(-6).
-13
Let c(a) = -4*a**2 - 105*a + 925. What is c(7)?
-6
Let l(z) = -z**3 - 20*z**2 + 164*z + 198. Calculate l(-26).
-10
Let b(t) = -t**3 + 22*t**2 - 31*t - 52. Give b(20).
128
Let o(r) = 20*r + 218. Determine o(-13).
-42
Let h(m) = -18958*m - 75818. Calculate h(-4).
14
Let y(v) = v**3 - 48*v**2 + 5*v - 249. Give y(48).
-9
Let n(c) = -2*c**2 - 44*c - 87. Give n(-21).
-45
Let z(x) = x**2 - 49*x + 152. Calculate z(46).
14
Let v(z) = -228*z + 1348. Calculate v(6).
-20
Let l(s) = 40*s - 95. Determine l(2).
-15
Let y(x) = 15*x - 392. Give y(27).
13
Let k(j) = 4*j**3 + 78*j**2 + 48*j + 190. Calculate k(-19).
0
Let z(g) = -95*g**2 + 24*g - 7. Give z(1).
-78
Let i(v) = -v**2 - 11*v + 559. Calculate i(19).
-11
Let d(k) = 110*k + 262. What is d(-7)?
-508
Let i(p) = -2*p**2 - 48*p + 477. What is i(-35)?
-293
Let y(t) = -34*t - 4153. What is y(-122)?
-5
Let u(a) = -4*a**3 + a**2 - a + 21. What is u(-5)?
551
Let o(k) = 219*k + 16890. Give o(-77).
27
Let h(u) = 13*u**2 + 259*u + 235. Calculate h(-19).
7
Let s(c) = c**3 - 56*c**2 + 533*c - 246. Calculate s(44).
-26
Let g(j) = -14*j**2 - 991*j - 990. Calculate g(-1).
-13
Let u(b) = 2*b**3 - 2*b**2 - 21*b. Determine u(5).
95
Let p(v) = v**2 + 30*v - 21968. Determine p(134).
8
Let c(q) = 3*q**2 + 149*q + 110. What is c(-49)?
12
Let g(c) = -c**2 + 195*c - 764. Determine g(4).
0
Let k(r) = -r**2 + 1562*r - 13973. Give k(9).
4
Let i(w) = 84*w + 578. Give i(-7).
-10
Let f(z) = z**3 - 8*z**2 + 8*z - 17. D